lculate n(-6).
-12
Let i(y) = 1040*y + 267728. What is i(-257)?
448
Let c(w) = -w**3 - 155*w**2 - 5993*w + 75. Determine c(-81).
-6
Let q(c) = 36*c**3 - 5*c**2 + 221*c + 226. Calculate q(-1).
-36
Let g(x) = -66*x**2 - 485*x + 375. Calculate g(-8).
31
Let r(h) = 10133*h - 111364. Give r(11).
99
Let f(q) = 2*q**3 - 69*q**2 + 624*q + 9. Calculate f(14).
709
Let b(c) = -581*c + 55478. Calculate b(96).
-298
Let b(y) = 2*y**3 + 61*y**2 + 107*y + 122. Calculate b(-31).
-4156
Let d(z) = -3*z**2 - 17349*z - 276814. Calculate d(-16).
2
Let h(q) = q**3 + 18*q**2 + 68*q - 35. Calculate h(-16).
-611
Let v(r) = 2323*r**2 + 13953*r + 89. Calculate v(-6).
-1
Let j(x) = -163*x**2 + 8*x + 3. Calculate j(2).
-633
Let b(c) = -2*c**2 + 7838*c - 553970. Give b(72).
-2
Let p(o) = -1270*o - 50499. What is p(-38)?
-2239
Let i(v) = -2*v**2 + 205321*v + 1026623. What is i(-5)?
-32
Let s(h) = 3*h**2 - 228*h - 3468. Calculate s(-13).
3
Let q(m) = -2*m**2 - 2312*m + 30403. What is q(13)?
9
Let u(i) = -2*i**2 + 199*i - 4187. Determine u(68).
97
Let o(t) = 2*t**3 + 991*t**2 + 607*t + 55426. Give o(-495).
-14
Let k(q) = -10*q**2 - 1606*q + 2188. What is k(-162)?
-80
Let s(y) = -y**2 + 159393*y + 159393. What is s(-1)?
-1
Let l(i) = -7*i**2 + 146*i - 780. Calculate l(10).
-20
Let p(n) = 484*n + 165485. Determine p(-342).
-43
Let v(p) = 4*p**3 - 881*p**2 + 186*p + 7489. Determine v(220).
9
Let m(j) = j**3 + 153*j**2 + 1561*j - 13. Give m(-9).
-2398
Let s(j) = 26*j**2 - 1522*j + 4570. What is s(3)?
238
Let v(g) = -16*g**3 + 128*g**2 + 1363*g - 14. What is v(-6)?
-128
Let j(m) = 2*m**3 - 180*m**2 + 2501*m + 103. Give j(73).
1490
Let v(s) = s**2 - 2826*s + 45177. Determine v(16).
217
Let c(y) = y**3 + 54*y**2 + 130*y - 634. Give c(-51).
539
Let r(p) = 29*p**3 + 9*p**2 - 26*p + 106. Calculate r(4).
2002
Let m(p) = -6*p**2 - 724*p - 4886. What is m(-7)?
-112
Let o(d) = 5241*d + 99558. Give o(-19).
-21
Let h(l) = -4*l**2 - 1352*l + 6816. Determine h(5).
-44
Let n(d) = 1921*d - 24834. Calculate n(13).
139
Let h(x) = 1714224*x**2 - 1714221*x - 3. What is h(1)?
0
Let m(l) = -4*l**2 - 10704*l + 423517. What is m(39)?
-23
Let w(i) = -109*i**2 - 32*i - 112. Give w(-3).
-997
Let x(y) = y**2 - 105*y - 43717. Calculate x(-163).
-33
Let s(g) = -6*g**2 - 68*g + 35071. Calculate s(71).
-3
Let y(i) = -29540*i + 265863. Give y(9).
3
Let q(r) = 15990*r + 495699. Determine q(-31).
9
Let f(j) = -1751*j + 210315. Give f(120).
195
Let p(f) = 994*f + 1463. Give p(-3).
-1519
Let l(a) = -569*a + 147869. Give l(260).
-71
Let c(v) = -9750*v - 994487. Give c(-102).
13
Let v(p) = 43*p**2 - 868*p + 2733. Calculate v(4).
-51
Let y(a) = -18788*a + 1145873. Determine y(61).
-195
Let v(m) = -2*m**3 + 232*m**2 + 23889*m + 24573. What is v(182)?
3
Let o(i) = 290260*i + 1741558. Determine o(-6).
-2
Let f(l) = 8091*l + 2136028. What is f(-264)?
4
Let a(i) = 2*i**3 + 77*i**2 - 1810*i - 18751. Determine a(22).
-7
Let b(r) = r**3 + 38*r**2 + 10*r - 494. What is b(-37)?
505
Let l(x) = -111*x**3 - 889*x**2 + 35*x + 424. Give l(-8).
80
Let a(l) = 10933*l - 65594. Calculate a(6).
4
Let q(f) = 3*f**3 + 74*f**2 - 11*f - 1423. Determine q(-24).
-7
Let a(t) = -t**3 + 189*t**2 - 366*t - 1373. Calculate a(187).
123
Let c(t) = 847*t - 7528. Determine c(9).
95
Let i(b) = b**2 + 106*b + 2025. Calculate i(-75).
-300
Let c(b) = 162643*b + 54810696. Calculate c(-337).
5
Let y(p) = p**2 - 1291*p - 20902. Determine y(-16).
10
Let b(l) = 573*l - 9544. Determine b(18).
770
Let s(b) = 4989*b + 80102. Give s(-16).
278
Let c(o) = -10*o**2 - 91*o + 1126. What is c(7)?
-1
Let z(h) = h**3 + 36*h**2 - 4855*h - 204. Determine z(54).
66
Let u(a) = 5103*a - 1786038. Give u(350).
12
Let s(t) = -t**3 + 503*t**2 + 3984*t - 1753918. Calculate s(504).
2
Let t(o) = -4953*o - 1208116. Give t(-244).
416
Let t(v) = -256*v**2 - 2330*v - 4712. Calculate t(-3).
-26
Let j(q) = q**3 - 188*q**2 + 826*q - 84754. Give j(186).
-310
Let r(k) = -5*k**2 + 38*k + 442. Determine r(-11).
-581
Let g(v) = -v**2 - 4734*v - 3394605. Determine g(-881).
-112
Let i(w) = -1452096*w + 11616777. Determine i(8).
9
Let i(f) = -f**3 + 66*f**2 + 56*f + 606. Determine i(67).
-131
Let z(d) = -531*d - 6814. Determine z(-15).
1151
Let d(v) = -v**2 + 11229*v - 67323. Calculate d(6).
15
Let f(v) = 1284*v + 336456. What is f(-262)?
48
Let b(f) = -3*f**3 + 130*f**2 + 220*f - 5749. What is b(44)?
59
Let y(w) = -10*w**3 + 21*w**2 + 44*w - 4. Determine y(-2).
72
Let a(z) = 2*z**3 + 217*z**2 - 100*z + 985. Determine a(-109).
4
Let g(d) = 25678*d - 308043. Determine g(12).
93
Let j(m) = 10*m**3 - 11*m**2 - 2*m + 46. Give j(2).
78
Let j(c) = c**3 - 97*c**2 - 165*c - 3144. What is j(99)?
123
Let u(y) = -2375*y + 73585. Calculate u(31).
-40
Let a(i) = -i**3 - 109*i**2 - 719*i - 579. Give a(-102).
-69
Let u(h) = -78891*h + 631133. Determine u(8).
5
Let y(m) = 32*m**3 - 162*m**2 - 54*m + 313. What is y(5)?
-7
Let s(l) = 7154*l - 35804. What is s(5)?
-34
Let r(p) = -1357*p + 82174. Give r(61).
-603
Let l(n) = -50*n**2 - 589*n + 654. Determine l(-13).
-139
Let a(s) = -13*s**3 - 4*s**2 + 4*s - 266. What is a(-8)?
6102
Let t(a) = 352373*a - 2114201. Calculate t(6).
37
Let j(z) = -34*z**3 - 5*z**2 - 76*z - 71. Give j(-1).
34
Let i(w) = 18*w**2 + 1259*w - 38. Give i(-70).
32
Let g(t) = t**3 + 33*t**2 - 243*t - 464. What is g(-39)?
-113
Let s(a) = -2*a**3 - 6*a**2 + 119556*a + 4. Give s(-246).
4
Let y(o) = -4*o**2 - 6335*o + 12675. Give y(2).
-11
Let f(m) = 3*m**3 - 31*m**2 - 1441*m + 10573. Give f(7).
-4
Let g(p) = 4*p**3 + 826*p**2 + 1232*p + 585. What is g(-205)?
175
Let z(r) = -3771*r - 71621. Calculate z(-19).
28
Let h(p) = -848*p + 63531. Determine h(75).
-69
Let n(p) = 2*p**3 + 26*p**2 + 122*p + 675. Give n(-15).
-2055
Let q(h) = 4*h**2 - 415*h - 7770. What is q(120)?
30
Let r(t) = 127*t**2 + 12*t - 19. Give r(-1).
96
Let c(a) = 2*a**2 - 777*a + 29506. Determine c(41).
1011
Let p(b) = 96*b - 1989. Determine p(31).
987
Let h(k) = k**3 - 1109*k**2 + 51937*k + 186. Determine h(49).
39
Let g(p) = -p**3 - 100*p**2 + 10*p + 1120. Calculate g(-100).
120
Let g(k) = -k**2 - 10173*k + 603680. Give g(59).
-8
Let f(c) = -c**3 - 41*c**2 - 6*c + 244. What is f(0)?
244
Let c(r) = -32*r**2 - 652*r + 1969. Determine c(3).
-275
Let q(p) = -p**2 + 677*p - 114288. What is q(356)?
-12
Let f(v) = 699*v**2 - 497686*v - 1444. Calculate f(712).
-20
Let r(h) = -28*h**2 + 9350*h + 729. Determine r(334).
61
Let c(q) = 6*q**2 + 1190*q - 3232. Determine c(-201).
-16
Let o(r) = 11*r**2 + 1483*r - 6004. Determine o(4).
104
Let a(s) = s**2 - 156*s + 2364. Give a(25).
-911
Let z(s) = 11*s**2 - 480*s + 2143. Calculate z(5).
18
Let t(o) = 66787*o + 601090. What is t(-9)?
7
Let u(x) = x**2 - 148*x - 17279. What is u(225)?
46
Let f(o) = -24097*o - 72395. Determine f(-3).
-104
Let k(h) = -360*h**2 - 1419*h + 109. What is k(-4)?
25
Let j(k) = 295850*k + 295847. Give j(-1).
-3
Let o(m) = -3*m**3 + 5*m**2 + 288*m + 272. What is o(-8)?
-176
Let j(k) = 4*k**3 + 145*k**2 - 127*k - 587. Give j(-37).
5
Let k(v) = -26224*v + 157345. Determine k(6).
1
Let y(v) = -v**3 + 399*v**2 - 5392*v + 739. Calculate y(385).
-31
Let t(o) = -3*o**3 - 144*o**2 - 1237*o + 1667. Determine t(-13).
3
Let o(p) = p**2 + 65*p - 2449. Calculate o(21).
-643
Let f(a) = -19*a**3 - 230*a**2 + 238*a + 3235. Give f(-12).
91
Let n(o) = -o**2 + 2400*o + 16777. Determine n(-7).
-72
Let b(q) = -q**3 + 105*q**2 - 1310*q + 21. What is b(13)?
-1461
Let g(i) = 6131*i + 4420463. Give g(-721).
12
Let q(j) = -10*j**2 + 777*j - 6224. Give q(8).
-648
Let u(m) = 300*m**2 + 2408*m + 3647. Give u(-6).
-1
Let s(f) = 6*f**3 - 10121*f**2 - 1844*f + 264872. Determine s(1687).
13
Let f(h) = -h**3 + 5*h**2 + 556*h - 3350. What is f(6)?
-50
Let g(z) = -19720*z - 1439474. Give g(-73).
86
Let r(p) = p**3 - 60*p**2 + 149*p - 285. What is r(57)?
-1539
Let t(s) = -s**3 + 5*s**2 - 8117*s + 16221. Give t(2).
-1
Let a(k) = -127899*k - 3069586. What is a(-24)?
-10
Let r(a) = -17*a**2 + 9536*a - 46697. What is r(556)?
7
Let k(n) = 157*n**2 - 1504*n - 6987. What is k(13)?
-6
Let x(y) = -y**2 - 79*y - 1405. What is x(-37)?
149
Let m(p) = p**2 + 913*p - 10209. Give m(11).
-45
Let h(f) = -3*f**2 - 555*f + 111001. Determine h(121).
-77
Let v(r) = -4739*r - 56665. Give v(-12).
203
Let c(q) = 4*q**2 - 774*q - 31985.